 + o. Let d(s) be the second derivative of -1/6*s**3 - s + 0 + 0*s**2. Calculate d(n).
-4
Let w(j) = -j**3 + 3*j**2 - 2. Let x be w(2). Let s(i) = -3*i - 1 - i**2 + 0*i**2 + 2 + 2*i**x. Determine s(2).
-1
Let t(y) = -y**2 + 7*y - 5. Let h = 4 - -1. Determine t(h).
5
Let k(r) = -r**2 - 2*r + 8. Let c be k(-4). Let x(j) be the first derivative of -j**2/2 + 4*j - 2. What is x(c)?
4
Let j(v) = 4*v + 13. Let c(r) = -3*r - 13. Let i(w) = -5*c(w) - 4*j(w). Give i(10).
3
Suppose k + 5*q + 1 = -1, -2*k - 2*q + 4 = 0. Let t be k*((-4)/(-6))/(-1). Let u be 3/(-1)*(t + 1). Let j(x) = -x**3 + 3*x**2 - 3*x + 4. Determine j(u).
-5
Let a(r) = r**3 + 3*r**2 - 4*r - 3. Let v be a(-4). Let o = 3 + v. Let x = o - -1. Let n(i) = -7*i**2 - i + 1. Give n(x).
-7
Let t = 222 + -226. Let a(c) = -c**2 + c - 1. Let j(p) = -5*p**2 + 4*p - 12. Let f(o) = -6*a(o) + j(o). Determine f(t).
18
Let u be 12*(3 - 40/12). Let l(w) be the third derivative of w**5/30 + 7*w**4/24 + 2*w**3/3 + w**2. Determine l(u).
8
Let l(p) = p**3 - 2*p**2 + 3*p. Let k(w) = -3*w**3 + 5*w**2 - 9*w. Let d(u) = -2*k(u) - 7*l(u). Let m(f) = f. Let r be m(2). Determine d(r).
2
Let k(g) = 17*g - 17*g - 4 - 3*g**3 - 9*g**2. Let j(d) = 8*d**3 + 26*d**2 - d + 12. Let y(b) = 4*j(b) + 11*k(b). Give y(4).
4
Let d(r) = -2*r + 1. Let z(a) = a**2 - 9*a + 2. Let h be z(10). Let p = -6 + h. Let g be (4/3)/(p/9). What is d(g)?
-3
Let w be -1 - (1 - 1)/2. Suppose -3*n + 1 = -5. Let i(u) = 2*u - 3 - 4*u**n + u**2 + 1 + 3. Give i(w).
-4
Suppose o + 2 = -o. Let u(p) = p**3 + 6*p**2 + p + 8. Let a be u(-6). Let x(f) = -4 + 5 - 7*f - a. Give x(o).
6
Suppose -h = 2*h. Suppose 2*r - 13 = -7. Let m(d) = 3 + r*d - 3*d - d. Calculate m(h).
3
Let v(w) = 3*w - 2*w - 2*w. What is v(-2)?
2
Suppose 0 = -5*c + 3*c - 2. Let u = -3 + 7. Let n(p) = -u*p + 0 - 1 + p. Determine n(c).
2
Let l(x) = x**2 + 3*x - 3. Suppose -g + 15 = 4*g. Let o be l(g). Suppose -2*y - 3*y = o. Let u(m) = m**3 + 3*m**2 + 1. Calculate u(y).
1
Let a(l) be the first derivative of -l**3/3 + 5*l**2/2 + 8*l + 5. Suppose 2*s - 3*c - 12 = -2*s, 0 = c - 4. Determine a(s).
2
Let h = 7 + -5. Suppose h*c - 9 = -5*u, -16 = c - 5*u + 2. Let n(f) = 2 - 2*f + f**3 - 4 + 0*f**3 + 2*f**2. Calculate n(c).
-5
Let j(m) = 4*m**2 + 1 + 0*m + 0*m. Let r(k) = k**3 + 11*k**2 + k + 10. Let q be r(-11). Determine j(q).
5
Suppose -2*w + 13 = -3*h, -w = -3*w + h + 3. Suppose -4*q - 15 = -5*z, 0 = z - 3*q - 0 - 3. Let d(s) = -1 + 0 - z + 5 - 5*s. Give d(w).
6
Let q(s) = s**2 + 9. Let i be (2 + 0)*12/8. Suppose i*j = j. Determine q(j).
9
Let v = 2 + -4. Let j = 4 - v. Let d(w) = w**2 + 2*w - j*w - 2*w + 1. Calculate d(4).
-7
Let d(c) = -7*c**3 + c**2 + c. Let r = -26 + 30. Let n(b) be the second derivative of b**4/12 - 2*b**3/3 - b**2/2 - b. Let z be n(r). Give d(z).
7
Suppose -2*n - 15 = 3. Suppose 4*q - 3 = 5. Let w(x) = -5*x**2 + 21*x + 17. Let u(v) = -v**2 + 5*v + 4. Let m(s) = n*u(s) + q*w(s). Determine m(-3).
-2
Let m(v) = v. Let i be (-16)/(-6)*108/(-72). Calculate m(i).
-4
Let j(f) = -f**3 + 5*f**2 + 8*f - 8. Let y(o) = o**3 - 6*o**2 + 6*o + 1. Let l be y(5). Let n be j(l). Let m(v) = 5*v + 6 - 3 - n*v. Determine m(0).
3
Let u(g) = -16*g**3 + 20*g**2 - 4*g. Let n(i) = 3*i**3 - 4*i**2 + i. Let z(j) = -11*n(j) - 2*u(j). Give z(3).
0
Suppose -2*y = -0*y - 14. Let q(s) = -23*s + 10. Let n(u) = 8*u - 3. Let g(a) = -17*n(a) - 6*q(a). Let v be g(y). Let x(z) = z. Determine x(v).
5
Suppose 4*b = -0*b + 4*l + 20, 0 = 2*b + 3*l. Let z(p) be the second derivative of p**2 + 0 - 1/12*p**4 - 5*p + 1/2*p**3. Determine z(b).
2
Let r(i) = -8*i**3. Let k be r(-1). Let f = -2 + k. Let c(u) = u**2 + 3*u**2 + 5*u**2 - u**3 - 3*u**2 + 5. Give c(f).
5
Let l(n) = -10*n**3 - 2*n - 1. Let c = 27 + -28. Give l(c).
11
Let y(d) = d**3 - 2*d**2 - 2*d. Let z be y(3). Suppose -4*w = 5*m - 29, -z*m + 3*w - 1 = -13. Let i(r) = -r + 7. Calculate i(m).
2
Let v(o) = 3*o**3 - 19*o**2 - 3*o + 9. Let w(j) = -3 + 6*j**3 + 2*j**3 + 6*j**2 - 9*j**3 + j. Let p(b) = 2*v(b) + 7*w(b). Give p(4).
1
Let i(x) = -x**3 - 5*x**2 - x - 6. Let q = 10 - 6. Let w(j) = 3*j**2 + 4*j + 3 + j - 3*j - j**3. Let v be w(q). Calculate i(v).
-1
Let r(v) be the first derivative of 3*v**4/4 + 2*v**3/3 - v**2 + v + 47. Give r(1).
4
Let s(r) = 2*r**2 - r + 1. Let g(h) = -5*h**2 + 3*h - 1. Let o(m) = 5*m**2 - 3*m + 1. Let k(d) = -5*g(d) - 6*o(d). Let f(j) = -3*k(j) - 7*s(j). Calculate f(3).
-1
Suppose -v + 5 = 1. Suppose 0 = -v*y - 0 - 4. Let c(a) = a**2 + 1. Give c(y).
2
Let q(w) = w**3 - w**2 + 2*w - 1. Let j(y) = y + 7. Let l be -2*-2*14/(-8). Let c be j(l). Let u = c + 2. Give q(u).
7
Let q(o) be the first derivative of o**3/3 + 3*o**2/2 + 3*o - 23. Give q(-2).
1
Let p(f) = 2*f**2 - 6*f. Suppose j - 6 + 2 = 0. Calculate p(j).
8
Let d(o) = -10 - 73*o + 141*o - 69*o. What is d(-15)?
5
Let h(q) = -10*q. Let n(v) = 3*v - 11. Let y(d) = -d + 4. Let k(f) = 3*n(f) + 8*y(f). Let c(a) = -h(a) - k(a). Calculate c(-1).
-8
Let l(u) = 7*u. Let i(b) = -6*b + 5. Let g(x) = -1. Let r(a) = 4*g(a) + i(a). Let z(j) = -5*l(j) - 6*r(j). Calculate z(4).
-2
Let o(u) = -2*u + 1. Let n(p) = p - 3. Let q be n(4). Let s be (-7 + 2)/(0 - q). Determine o(s).
-9
Let v(n) = -n**2 + 7*n - 7. Let h be 24/14*49/14. Let s be v(h). Let u be s/((-3)/(-9)) - 1. Let m(w) = w**2 + w - 4. What is m(u)?
8
Let i be 2/(-3) + 11/3. Let p(m) = i*m - 1 - m + 0. Suppose -u - 2*u - 4*z + 7 = 0, -5*u - 5*z = -10. What is p(u)?
1
Let c = 12 - 10. Suppose -c*w = -m - m + 16, 3*m - 19 = 2*w. Let o(s) = s**3 - 4*s**2 + 3*s - 3. Give o(m).
-3
Let h(r) = r**3 - 4*r**2 + 3*r + 1. Let m(q) = 2*q - 10. Let v be m(8). Let i = 9 - v. Give h(i).
1
Let u(j) = -3*j - 1. Let i(z) = z. Let o(a) = 10*i(a) + 4*u(a). Give o(3).
-10
Let w(p) = p**3 + 13*p**2 - 49*p - 20. Let z be w(-16). Let b(x) = -x**3 - 4*x**2 + 3*x + 6. What is b(z)?
-6
Let d = 6 + -9. Let q be (4 - 2) + (-3 - d). Let s(g) = -1 - 5 + g**2 + 3 - 4*g + q. What is s(4)?
-1
Let d(h) = -h. Let u = 3 + 0. Suppose g + 8 = -u*g. Let p = g - -7. What is d(p)?
-5
Let d be (-3)/12 - (3/(-12) - -1). Let i(r) = -r**2. Let x(t) = -9*t**2 + t + 1. Let k(c) = -4*i(c) + x(c). Give k(d).
-5
Let d(b) = b**3 - 3*b**2 - b - 2. Let u(v) = -v - 3. Suppose 2*n - h + 0*h = -13, -5*n = -5*h + 35. Let j be u(n). What is d(j)?
-5
Let g = 113 + -109. Let i(b) = b**3 - 3*b**2 - 3*b + 3. Determine i(g).
7
Let m(a) = 17*a**2 - 13*a - 11. Let r(f) = 8*f**2 - 6*f - 5. Let u(q) = 6*m(q) - 13*r(q). Determine u(-1).
-3
Let u(q) be the third derivative of -6*q**2 + 0*q**5 - 1/6*q**3 - 1/24*q**4 + 0 + 0*q + 1/20*q**6. Determine u(-1).
-6
Let x = -1 + 1. Let a(j) = j**2 - j + 1. Let v(i) = 5*i**2 - 5*i + 6. Let o(s) = 6*a(s) - v(s). Give o(x).
0
Let j(l) = -l - 3. Let q be (-3)/24*-10*4. Let f = 5 - q. What is j(f)?
-3
Let k(n) = 4*n + 3. Let q be (-13)/4 + 1 + (-3)/4. Give k(q).
-9
Let p(b) be the third derivative of -b**4/6 - b**3/2 + b**2. Suppose 4 = -2*u - 3*y - 4, 2*u - 4*y = -22. Let d = 5 + u. Give p(d).
5
Let n(a) be the second derivative of -a**3/6 + a**2/2 + 7*a. What is n(-1)?
2
Let j(y) = -y**3 - y**2. Let l(b) = -6*b**3 - 3*b**2 + 1. Let c(x) = 2*j(x) - l(x). Let o(i) = -i**2 + i - 1. Let k be o(0). What is c(k)?
-4
Let k(f) be the third derivative of -f**4/6 - 4*f**3/3 - f**2 - 34*f. Determine k(6).
-32
Let g be (6 - 8)*1/(-4)*-2. Let n(d) = 18*d**2 - 1. Calculate n(g).
17
Suppose 7*d - 2*d + 45 = 5*p, 4*p - 15 = -3*d. Let q(c) = -c**3 + 5*c**2 + 6*c - 5. Give q(p).
-5
Let r(z) = 5*z - 3. Suppose 0 = -0*o - 3*o + 2*m + 2, -5*m + 16 = 3*o. Give r(o).
7
Let y(j) = -6*j**2 - 5*j - 5. Let k(w) = -5*w**2 - 4*w - 4. Suppose 5*u - 3*z = -31, -2*z - 3*z + 30 = -4*u. Let s(n) = u*k(n) + 4*y(n). Give s(2).
4
Suppose 0 = -x + 1, 0 = 5*z - 5*x + 29 + 11. Let l = 11 + z. Let i(m) = -3*m + 4. Calculate i(l).
-8
Suppose -19 = -3*d - 4*q, -2*d - 2*q = -7*d + 23. Let n(g) = -7*g + 1. Let t(p) = -10*p + 2. Let u(i) = -7*n(i) + 5*t(i). What is u(d)?
-2
Let z be -2 + (2 - 0 - -2). Let c(t) = -t**3 - 5*t**2 + 7*t + 8. Let w be c(-6). Let a(u) = -3*u**2 - w + 3*u + 4*u**2 - 1. Give a(z).
7
Let d(z) = 2*z**2 - 1. Let c be d(2). Let f(r) = r**3 - 6*r**2 - 5*r - 9. Give f(c).
5
Let v(m) be the first derivative of m**4/2 - 2*m**3/3 + 3*m**2/2 - 1. Let c(q) = 3*q**3 - 3*q**2 + 4*q + 1. Let w(g)